u). What are the prime factors of j(7)?
2
Let n = -5 + 6. Let z be n/(2*(-3)/(-30)). Suppose z*b = -2*q - 0*q + 97, 5*q - 24 = -b. List the prime factors of b.
19
Let y = 15 + 24. List the prime factors of y.
3, 13
Let j = -60 + 113. What are the prime factors of j?
53
Suppose -5*j = 5*n - 30, 4*n = j - 2*j + 36. Suppose -n = z - 3*z, -4*p - 8 = -4*z. List the prime factors of -2 - p*-1 - -7.
2
Suppose -c - n + 140 = -3*n, -596 = -4*c - 4*n. What are the prime factors of c?
2, 73
Let x(w) = 25*w + 3. List the prime factors of x(2).
53
Suppose 0*p - 60 = 4*p. Let c be ((-3)/(-2))/(p/(-100)). What are the prime factors of 28/3 - c/30?
3
Let r = -5 - -7. List the prime factors of r/8 + 172/16.
11
Suppose -3*d + 0*a + a = -15, -4*a + 12 = 0. List the prime factors of d.
2, 3
Let k(q) = -3*q + 36. List the prime factors of k(0).
2, 3
Let c be (0 + 1/(-2))*16. Let r be ((-28)/c)/(1/2). Let b = 5 + r. List the prime factors of b.
2, 3
Let c = -369 - -714. List the prime factors of c.
3, 5, 23
Suppose 5 + 15 = 4*d. Suppose 13 = -4*i - o, -4*i - 3*o - d = 2. List the prime factors of (2/i)/(2/(-28)).
7
Let f = 16 - -4. List the prime factors of f.
2, 5
Let z(u) = u. Let o(d) = 4*d + 1. Let j(g) = -2*o(g) + 9*z(g). What are the prime factors of j(6)?
2
Let a = 2 + -12. List the prime factors of (10/7)/(a/(-70)).
2, 5
Let p(c) be the first derivative of -c**3/3 + 11*c**2/2 - 7*c + 3. List the prime factors of p(10).
3
Let l be 5*-1*9/(-15). Suppose x = l*x. Suppose k + r = 0, 12 = -k - x*k - 4*r. List the prime factors of k.
2
Let y(h) = h**2 - 2*h - 5. Let n be y(4). Suppose i + n = 17. List the prime factors of i.
2, 7
Suppose 961 = 5*d - 619. What are the prime factors of d?
2, 79
Suppose 2*w = -2*f + 662, 9*w + f = 5*w + 1321. What are the prime factors of w?
2, 3, 5, 11
Suppose -4*q + 28 = 4*m, -3*q + 6*q = m + 13. Let r(f) = 2*f**2 - 4*f - 1. What are the prime factors of r(q)?
29
Let m(t) = -t - 2. Let w be 0/2 + -2 - 2. Let z be m(w). Suppose -5*i = -z*u + 53, 5*i + 10 + 29 = u. List the prime factors of u.
2, 7
Suppose 90 = -0*i + 6*i. List the prime factors of i.
3, 5
Suppose k - 9 = -3*j + 8, -j - 2*k = -9. Suppose 3*u + j = -4. List the prime factors of (-43)/u - (-2)/(-6).
2, 7
Let d = 597 + -347. What are the prime factors of d?
2, 5
Let g = -6 + 4. Let f be 14*(-1)/g*1. Suppose j - f = -9*u + 4*u, -2*j - u = -5. What are the prime factors of j?
2
Let m(h) be the third derivative of h**4/24 + 6*h**3 + 8*h**2. List the prime factors of m(0).
2, 3
Let c be -2*(-3)/(1 + 2). Suppose 3*p = -m + 12, -5*m - c*p + 4*p + 9 = 0. List the prime factors of m.
3
Suppose 5*q + 2 = 2*w - 0*q, 3*w - 3*q - 21 = 0. List the prime factors of w.
11
Suppose -2*j = -2*i + 40, 0*j + j = -4*i + 90. What are the prime factors of i?
2, 11
Suppose 33 = -w - 2*w. Let h = -5 - w. Suppose 0 = -a + 7 + h. List the prime factors of a.
13
Let h(m) be the first derivative of -m**4/4 + m**3 + 7*m**2/2 - m - 1. Let z be h(5). List the prime factors of (z/3)/((-6)/9).
2
Suppose -2*p + u + 14 = 2*p, 0 = -5*p - 2*u + 11. Suppose 2*w = -2*j + p*j + 4, 0 = -5*w + 20. What are the prime factors of 12 + (-2)/(-4)*j?
2, 7
What are the prime factors of (-3 + 8/3)*-267?
89
Suppose -2*d = -7*d + 435. List the prime factors of d.
3, 29
Let y = -5 + 7. Suppose -3*v = y*v - 25. Suppose 72 = v*m - 18. List the prime factors of m.
2, 3
Let w = 3 + 8. Suppose -t = -1 - w. What are the prime factors of t?
2, 3
Suppose -4 = -2*f - 0*j - 2*j, -4*f = -5*j - 17. Suppose -f*x = -x - 8. Suppose x*g - 4*s = -8*s, g + 4*s + 6 = 0. List the prime factors of g.
2
Suppose -10 = -4*r + 2. Suppose r*q = 3 + 15. What are the prime factors of q?
2, 3
Suppose 0 = 28*i - 31*i - 195. Let p = -32 - i. What are the prime factors of p?
3, 11
Suppose 0 = 3*j - 11 - 7. Let d(x) = 5*x - 13. Let z(w) = 11*w - 26. Let l(t) = -9*d(t) + 4*z(t). What are the prime factors of l(j)?
7
Let v(m) = 8*m - 5. List the prime factors of v(1).
3
Suppose 0 = -2*q - 4*j + 7 + 139, -3*j + 231 = 3*q. List the prime factors of q.
3
Let p = 56 - 40. Let v(s) = 7*s - 10. Let y be v(5). Let a = y - p. What are the prime factors of a?
3
Let w(b) be the first derivative of -3/4*b**4 - 2/3*b**3 + 3/2*b**2 - 1 + 3*b. What are the prime factors of w(-2)?
13
Let s(z) = -2*z + 1. Let b be s(1). Let q(l) = -3*l**3 + l**2 - l - 1. Let g be q(b). Let y = g - 0. List the prime factors of y.
2
Let o(i) = -i**3 + 7*i**2 + 2*i - 3. List the prime factors of o(6).
3, 5
Suppose 13 = 3*i - 2. Suppose 7*k + i = 2*k. What are the prime factors of (k + 3)/(2/8)?
2
Let r = 5 - 1. Suppose -3*m = -r*m - 2. List the prime factors of m*(0 + (-27)/6).
3
Let i(o) = o + 2. Let h be i(7). Suppose -2*p + 5 = -h. What are the prime factors of p?
7
Let b(d) = d**2 - 8*d + 7. Let t be b(7). Let m be (t + 8)*58/8. Suppose 0 = -u - 2*u - 15, -4*r = -2*u - m. What are the prime factors of r?
2, 3
Suppose -8*n + 295 = -3*n. What are the prime factors of n?
59
Let n = -22 - -51. Let h = 52 - n. List the prime factors of h.
23
Suppose -21 = -p - 3*b, 5*b - 1 = p + 18. Suppose p = -j + 18. What are the prime factors of j?
2, 3
Let n be (-5)/(5/(-6)) - 2. Let v(h) = 3*h - 13. Let m be v(6). Suppose 15 = 5*u - m*b, 30 = n*u - b + 6*b. List the prime factors of u.
5
Suppose 0 = 3*z - 4*z + 75. Let q = z + -31. What are the prime factors of q?
2, 11
Let g(q) = -3*q**3 - q**3 + 2*q + 0*q**3. Let p be g(-2). Suppose z = -5*c + p, 3*c = -4*z - 0*c + 27. List the prime factors of z.
3
Let p be ((-2)/(-4))/(7/56). Suppose 3*k - 2*x = 8 + 6, p*k + 2*x = 0. List the prime factors of k.
2
Let a = -12 - -22. List the prime factors of a.
2, 5
Suppose c - 5*k + 23 = 0, -4*k + k = -3*c - 57. Let f = c - -35. List the prime factors of f.
17
Let f be -24*(42/(-8))/7. Let a = -21 + 30. What are the prime factors of a*3/f*2?
3
Let t(q) = q**2 - 6*q + 4. Let s be t(6). List the prime factors of s/(-2)*(-13)/2.
13
Let a(k) = 2*k**2 - 4*k + 3. What are the prime factors of a(5)?
3, 11
Let j = -6 + 10. Suppose 61 - 5 = j*g. List the prime factors of g.
2, 7
Let z(r) = r**2 - 3*r - 1. List the prime factors of z(5).
3
Let c(f) = -3*f + 1. Let d be c(-1). Suppose -2*x = -2*v + 6, 3*v - 17 - d = -x. What are the prime factors of v?
2, 3
Let b(j) = 3*j**2 + 3*j. Let m(w) = -7 - 10*w**2 - 7*w - w + 8. Let x(f) = 7*b(f) + 2*m(f). List the prime factors of x(-6).
2
Suppose -3*k - 2*k + 5 = 0, -k + 1 = 3*w. Suppose 5*s - 9 - 21 = w. What are the prime factors of s?
2, 3
Let b(x) = -3*x**2 + 2*x - 2. Let y be b(1). Let l(q) = -10*q. What are the prime factors of l(y)?
2, 3, 5
Let v(h) = 2*h**2 + 13*h - 7. List the prime factors of v(7).
2, 7, 13
Let r be 1170/(-24) + 3/4. Let x = 33 + r. List the prime factors of ((-6)/(-1))/(x/(-20)).
2
Let j(d) be the first derivative of -2*d**3 + 3*d**2/2 + 3. Let w be j(2). Let c = w + 28. List the prime factors of c.
2, 5
Suppose -2*l = -c + 2*c - 3, -4*l + 12 = -4*c. Suppose i + 1 = -0*i. List the prime factors of (i/l)/((-1)/4).
2
Suppose 4*p - 4*r - 20 = -r, 0 = -2*r. Suppose 2*a - 5*c = -a + p, -4*a + 2*c + 16 = 0. Suppose 5*m = -a*y + 50, 6 = 3*y - 0. What are the prime factors of m?
2
Suppose -1 = 2*v - 7. Suppose -v*y - 28 = -2*b + 2*y, b - 3*y = 16. Suppose -2*o + 18 = 4*d - 3*d, -b*d = o - 58. What are the prime factors of d?
2, 7
Let t = -2 + 22. Let h = t - 7. What are the prime factors of h?
13
Suppose q + 4*z - 147 = 0, q + 0*z - 157 = -2*z. List the prime factors of q.
167
Suppose -3*s + 61 = 16. List the prime factors of s.
3, 5
Let o(h) = 13*h. List the prime factors of o(5).
5, 13
Let f(v) = v + 2. Let d be f(-6). Let r = 9 - d. List the prime factors of r.
13
Let u(p) = -24*p - 3. What are the prime factors of u(-2)?
3, 5
Let l = -2 - -30. What are the prime factors of l?
2, 7
Let n(h) be the third derivative of -h**6/120 - h**5/20 + h**4/24 + 2*h**3/3 - 2*h**2. What are the prime factors of n(-4)?
2
Suppose 0 = -8*b + 510 + 594. What are the prime factors of b?
2, 3, 23
Let p(c) = -19*c - 39. What are the prime factors of p(-15)?
2, 3, 41
Let x be 0 + (1 - 0/(-1)). Let h(d) = d**3 + 2*d**2 - 2*d + 3. Let r be h(-3). Suppose r*q - 4*j + 24 = 3*q, -q = -j - x. List the prime factors of q.
2
Let l(x) = -26*x - 2. List the prime factors of l(-1).
2, 3
L